mainder when i is divided by 52?
45
Suppose 0 = 4*v - p - 2*p - 57, 0 = -3*p + 3. What is the remainder when (0 + v - -4)/((-3)/(-9)) is divided by 15?
12
Let r = 567 + -333. Calculate the remainder when r is divided by 47.
46
Let m = 3749 - 3740. Suppose 0 = -3*b + 5*b - 28. Calculate the remainder when 1*b + (0 - -2) is divided by m.
7
Suppose 3*f - 166 = 2*f + z, 166 = f + 2*z. Let g(j) = 35*j + 231. What is the remainder when f is divided by g(-6)?
19
Suppose t + 29 - 89 = -4*c, 0 = 4*c + 3*t - 68. Suppose -2*r + 59 = -105. What is the remainder when r is divided by c?
12
Let m(i) be the third derivative of -1/24*i**4 + 7/3*i**3 + 0 + 6*i**2 + 0*i. What is the remainder when 9 is divided by m(11)?
0
Suppose u = -4*y + 21, 3*y + y = 2*u + 18. Suppose -o = -m + 2*o + u, -3*o = 0. What is the remainder when 3 is divided by m?
0
Let r(m) = -25*m - 178. Calculate the remainder when r(-11) is divided by 23.
5
Suppose 91 = 4*m - 3*m. Let t = 120 - m. Calculate the remainder when t is divided by 5.
4
Let q = 94 - 43. Let c be (-5)/((-15)/18)*3/18. Suppose c - q = -5*z. What is the remainder when 37 is divided by z?
7
Let i(d) = d**3 + 9*d**2 + 13*d + 33. What is the remainder when i(-7) is divided by 5?
0
Suppose 133*d + 2256 = 136*d. What is the remainder when d is divided by 26?
24
Let m(u) = 8*u**2 - 8*u + 11. Let d be (-4 - -3)/((-1)/2). Calculate the remainder when m(2) is divided by (d/4)/((-4)/(-48)).
3
Suppose -h - 20 = 4*p, 4 = -h + 2*p - 16. Let l = -5 - h. Let o(y) = -7*y - 64. What is the remainder when o(-15) is divided by l?
11
Let z = 668 + -575. Calculate the remainder when z is divided by 14.
9
Let t = 13 + -25. What is the remainder when -14 + 16 + 4*-2*-3 is divided by (-2)/((-2)/(-3)) - t?
8
Suppose f - 16 = -4*n + 96, 2*f = 5*n - 127. Calculate the remainder when n is divided by 5.
2
Let u = 40 + -21. Calculate the remainder when 72 is divided by (u*1)/((10 + -6)/4).
15
Suppose -2*v + 61 = 51. Calculate the remainder when 19/((-4 - -2)/(-1) + -1) is divided by v.
4
Suppose 76 = -3*j - 5*d, 2*j + 41 = 4*d - 17. What is the remainder when (-42)/(-7)*j/(-2) is divided by 28?
25
Suppose -6*w - 66 = -330. Calculate the remainder when 613 is divided by w.
41
Suppose -g = 4*n + 7, -2*n + 2*g - 3*g = 1. What is the remainder when -8 - -38 - (0 - n) is divided by ((-4)/6)/((-2)/30)?
7
Let j be ((-18)/(-4))/(8/16). Suppose 12*o - 261 = j*o. What is the remainder when o is divided by 22?
21
Let w = -417 + 445. Calculate the remainder when 79 is divided by w.
23
Let w(f) = f**3 - 13*f**2 + 11*f - 10. Let j be w(12). Let m = 26 + j. Calculate the remainder when 28/3 + (-2)/(-3) is divided by m.
2
Suppose 0*c - 76 = 3*c - a, 2*c + a + 59 = 0. Let y = -15 - c. What is the remainder when 93 is divided by y?
9
Suppose 3*a + 38 = m - a, -4*m + 92 = -4*a. What is the remainder when 1222 is divided by m?
16
Suppose -65 - 142 = -9*o. Suppose -5*n = 2*s - 4*n - o, -s = -5*n - 6. Calculate the remainder when 32 is divided by s.
10
Let a = -129 - -178. What is the remainder when a is divided by 9?
4
Let o = 198 - -22. What is the remainder when o is divided by 45?
40
Suppose -p + 139 = 2*c - 30, 0 = 3*p - 15. What is the remainder when c is divided by 42?
40
Let r = 665 - 508. What is the remainder when r is divided by 10?
7
Calculate the remainder when -1 + -2 - -3*(2 - -16) is divided by 13.
12
Suppose -4 - 7 = -3*d - 2*p, 5*p = 20. Suppose -100 = -4*n + 4*k, -2*n - 5*k - 5 = -3*n. Calculate the remainder when n is divided by (0 - -2 - (-8)/d) + -2.
6
Let l(c) = 74*c + 1 - 21 - 67*c - 8. What is the remainder when l(7) is divided by 8?
5
What is the remainder when ((-2925)/(-60)*-8)/((-2)/1) is divided by 72?
51
Let k(f) = -f**3 + 21*f**2 + 11*f - 114. What is the remainder when k(21) is divided by 52?
13
Suppose -20*o = -16*o - 60. Suppose 13*m = o*m - 40. Calculate the remainder when m is divided by 12.
8
Let i(r) = 3*r + 3. Suppose -3*v = 5*n - 43, -2*n + 29 = n + v. Suppose 7*l - 53 = -n. Calculate the remainder when i(4) is divided by l.
3
Let m = 1 - -2. Suppose 0 = -3*d - 3*d + 30. What is the remainder when (m/2)/(-1)*-6 is divided by d?
4
Suppose -23 = 4*x + 13. Suppose 5*i + 3 = -4*p, 4 = -p + i - 8. Let s = p - x. What is the remainder when 3 is divided by s?
1
Let i(k) = 15*k - 170. What is the remainder when 150 is divided by i(14)?
30
Let x = -376 - -437. What is the remainder when 912 is divided by x?
58
Calculate the remainder when 1 + -1 - ((-162)/3 - -9) is divided by 9.
0
Let a = 13 + 33. Let b = -134 + 230. Suppose -m + 136 = 2*f + a, m - b = 4*f. What is the remainder when m is divided by 31?
30
Suppose -17 = -2*s + 3*u, 3*u + 0 = -4*s + 43. What is the remainder when (-3762)/(-231) + 5/7 is divided by s?
7
Let b = 123 - 86. Suppose 0*w = -3*w + 6. Suppose j = a + w*j - 9, -5*a + b = -3*j. Calculate the remainder when 30 is divided by a.
6
What is the remainder when 146 is divided by (96/(-15))/((-8)/40)?
18
Let l be 2*(0 + 3) - (-11)/(-11). Suppose 2*p = -3*d + 6*p + 257, -342 = -4*d + l*p. Calculate the remainder when d is divided by 21.
20
Let h = -160 - -169. Calculate the remainder when 7 is divided by 1 + 3*15/h.
1
Let h(z) = 46*z**2 + 16*z + 14. Calculate the remainder when 214 is divided by h(-1).
38
Let w(c) = 12*c**2 - 26*c - 73. What is the remainder when w(-3) is divided by 21?
8
Let s be (2/4)/(23/(-506)). Let j = 2 - s. Let z = -3 - -8. Calculate the remainder when j is divided by z.
3
Suppose j + 5 = 0, 0 = 5*y - 8*j + 4*j - 3345. What is the remainder when y is divided by 25?
15
What is the remainder when 77 is divided by (-1*(-3 - -1))/((-1)/(-13))?
25
Let g(h) = 69*h - 377. What is the remainder when g(15) is divided by 15?
13
Let p = -563 + 651. Calculate the remainder when p is divided by 16.
8
Let c = -49 + 59. Suppose -c = q - 27. What is the remainder when 31 is divided by q?
14
Let t(s) = s + 52. Suppose -o = -5*g - 22, -2*o = -3*g + 14 - 72. What is the remainder when o is divided by t(-43)?
5
Let x = -15 - -13. Let n be (x/3)/(6/9). What is the remainder when 15 is divided by (-2)/(2/9)*n?
6
Suppose 2*a + 3*m = 131, -5*a + 4*m + 385 = -0*a. Suppose -27 = -4*u + 49. What is the remainder when a is divided by u?
16
Suppose 0 = -5*d + 414 + 41. Calculate the remainder when d is divided by 34.
23
Let v be 2/(-7) - 1/((-7)/128). Calculate the remainder when 37 is divided by -2 - 111/(-9) - 6/v.
7
Let j = 5 + -2. Suppose -5*v + j*v = -8. What is the remainder when v is divided by 2?
0
Let u = -13 - -7. What is the remainder when 2/(u/885*-5) is divided by 15?
14
Let w(v) = -6*v + 7 + 4 + 9 - 2*v**2 - 6. Let s be w(-8). Calculate the remainder when 41 is divided by 11/s + 134/12.
8
Let d be ((-36)/(-20))/((-9)/(-30)). Suppose 5*z = 4*y - 69, -14 = 4*z + d. Suppose -4*r + 40 = -2*r. What is the remainder when r is divided by y?
9
Let k = 27 - -5. Let o = 12 + k. Calculate the remainder when o is divided by 25.
19
Let g(h) be the second derivative of -2*h - 3/2*h**2 + 1/12*h**4 - 1/2*h**3 + 0. What is the remainder when 29 is divided by g(6)?
14
Suppose -4*l = 0, -3*z - l + 1104 = 3*l. Suppose 0 = 4*w - z + 84. Calculate the remainder when w is divided by 8.
7
Suppose k - 45 = -12. What is the remainder when 43 is divided by k?
10
Suppose -2*p = 7 + 1, 3*p = -3*f + 6. Let j(n) = 4*n**2 - 12*n. What is the remainder when j(f) is divided by 25?
22
Suppose 28 = 8*v - 6*v. What is the remainder when 16638/413 + (2/(-7))/1 is divided by v?
12
Let c(j) = 3*j**2 - 40*j + 60. What is the remainder when c(17) is divided by 8?
7
Suppose -4*r = r. Suppose 3*u - 9 + 3 = r. Suppose 3*s - 52 = -u*t + t, -s + 4*t + 26 = 0. What is the remainder when s is divided by 7?
4
Let c(d) = d**3 + 9*d**2 - 10*d + 6. Let x = 6 - -4. What is the remainder when x is divided by c(-10)?
4
Let y(k) = -k**2 + 8*k - 5. Let t be y(5). Let x(m) = m**3 - 11*m**2 + 11*m. Let z be x(t). Let p = 33 - z. Calculate the remainder when 68 is divided by p.
22
Let n be 10/10 - (-1 - 1). Let r = n - 13. Let z = 33 + r. What is the remainder when 89 is divided by z?
20
Let a(v) = 3*v**2 + 3*v - 5. Suppose -5*h = 2*w - 310, -2*h - 2*w + 98 = -32. Calculate the remainder when h is divided by a(2).
8
Let k be 84/3 + 0/1. Suppose 6*j - k = -2*y + 2*j, -3*j